-101 - 539 = -8*b. Let d = b - 75. List the prime factors of d.
5
Let z(l) = 4*l + 4. Suppose 2*o - 3*c - 13 = 0, 0 = -9*o + 4*o + c + 39. List the prime factors of z(o).
2, 3
Let o = 349 - -392. List the prime factors of o.
3, 13, 19
Let c(o) = -164*o + 1. Let t be c(-1). Suppose 0*m = -3*m + t. Suppose 7*y = 2*y + m. What are the prime factors of y?
11
Let o = -86 + 115. Suppose 33*y = o*y + 208. List the prime factors of y.
2, 13
Let d be ((-24)/9)/((-2)/3). Suppose d*m + 2*o - 32 = 398, -o = 3. Let g = m - 77. What are the prime factors of g?
2
Let u(x) = -8*x - 23. Let p(d) = 19*d + 35. Let j(c) = 10*c + 18. Let h(k) = -11*j(k) + 6*p(k). Let v be h(-6). List the prime factors of u(v).
73
Let a(k) = k**3 + 12*k**2 - k - 7. Let q be a(-12). Let g(u) = u**2 + 5*u + 1. What are the prime factors of g(q)?
3, 17
Let h = 32 - 18. Suppose -4*k = 0, 6*k - h = -2*a + 3*k. List the prime factors of (3 + 3 - -1)*a.
7
What are the prime factors of (-4)/(-42) - (-323040)/252?
2, 641
Let t(x) = -4*x + 1. Suppose 0 = -3*j + 8 - 38. Let s be t(j). Suppose -5*p - 5*d = -s - 4, -15 = 5*d. What are the prime factors of p?
2, 3
Let k = 46 + -44. Suppose 4*n - 40 = -3*a + 111, -4*a = -5*n - 191. Suppose -a = -k*m + 25. List the prime factors of m.
37
Let y = 688 - 330. List the prime factors of y.
2, 179
Suppose 0 = 5*p - 1162 - 258. Let k = -170 + p. List the prime factors of k.
2, 3, 19
Let q(u) = -u**2 - 7*u - 2. Let x be q(-3). Let g = 198 + -195. Suppose -2*s - p + 20 = 0, -2*p - x = g*p. What are the prime factors of s?
11
Suppose -31910 - 11418 = -16*t. What are the prime factors of t?
2, 677
List the prime factors of (-848)/(-6) - (-510)/306.
11, 13
Let s be 78/52 - (-2 - (-10)/(-4)). Suppose -39 = -s*x + 183. What are the prime factors of x?
37
Let f be (5/(-10))/(4/80). Let j be (-2)/(f/(-4) + -3). Suppose -2*g = -h - 78 - 8, j*g + h - 184 = 0. List the prime factors of g.
3, 5
Suppose -3*x - 4*o = -301, -4*x - 313 = -7*x + 2*o. Suppose -2 = 2*q, -2*a + x - 2 = 5*q. List the prime factors of a.
53
List the prime factors of (-13 - 27/(-3)) + 2098.
2, 3, 349
Let y = 1081 + -535. List the prime factors of y.
2, 3, 7, 13
Let s(f) = -161*f - 11. Let l be s(-7). Suppose d = 4*d + l. List the prime factors of (3/12)/((-3)/d).
31
Suppose -5*b + 5287 = -4*f, 5*b - 3*b - 2104 = -2*f. What are the prime factors of b?
5, 211
Let f be (-40)/((-12)/3) + 0. Suppose f*q - 15*q = 0. Suppose q = -a + 6*a, 5*u = 4*a + 135. What are the prime factors of u?
3
Let j = 4528 - 2348. What are the prime factors of j?
2, 5, 109
Suppose -2*o + 4137 = s, 5*o + 2*s - 1626 = 8714. List the prime factors of o.
2, 1033
Suppose 2*u - 14 = a - 5*a, -3*a = 5*u. Suppose -53 = 3*v - a*q, -5*q - 42 - 113 = 5*v. Let z = v - -56. List the prime factors of z.
2, 3, 5
Suppose -2*l + 795 = 3*x, 5*x = 3*l + 2*x - 1155. What are the prime factors of l?
2, 3, 5, 13
Suppose 0 = 4*p + 6 + 30. Let c = 14 + p. Suppose 0 = -i + c + 19. List the prime factors of i.
2, 3
Suppose -v = -4*b + 19 + 1, v + b - 5 = 0. What are the prime factors of -8*(v + -4) + -1?
31
Suppose n + f = -2*f + 15, -4*f = -2*n. Suppose 0 = 8*t - n*t - 122. What are the prime factors of t?
61
Suppose -11 = -0*t - 3*t - 4*p, 0 = t - 5*p + 9. List the prime factors of (t/3)/((-782)/261 - -3).
3, 29
Let l be (8/(-24))/(2/12). Let c be 3*l/4*6. List the prime factors of ((-46)/6)/(3/c).
23
Let t(z) = 72*z - 47. Let h be t(6). Suppose -7*f + h + 294 = 0. List the prime factors of f.
97
Let y(w) = -3*w**2 - 52*w + 33. What are the prime factors of y(-12)?
3, 5
Let t = -9 - -480. What are the prime factors of t?
3, 157
Suppose q = -5*o - 0*o + 1500, 3*o = -5*q + 878. Suppose 4*l + t = -4*t + o, l = -t + 76. List the prime factors of l.
79
Let n(g) = -4*g - 12. Let r be n(-14). List the prime factors of 1*r - (0 - 4).
2, 3
Let i(b) = 4*b + 220. List the prime factors of i(14).
2, 3, 23
Suppose 5*l = -y - 11, -5 - 1 = 2*y + 2*l. Let f be (y/(-3))/((-2)/(-12)). Suppose 0 = 4*x - 4*h - 56, 5*x - 2*h + f = 57. What are the prime factors of x?
3
Suppose 4*s - 21*v = -20*v + 1469, -2*v = 2*s - 732. List the prime factors of s.
367
Suppose -3*r - 28 = -34. What are the prime factors of 15/25 + (-312)/(-10)*r?
3, 7
Let s(l) = l + 17. Let k be (-72)/(-60)*(-140)/6. Let w be k/8*(2 + 0). List the prime factors of s(w).
2, 5
Let z = 342 + 251. What are the prime factors of z?
593
Suppose 0 = 6*i - 1063 + 313. List the prime factors of i.
5
Let c = -1497 + 2103. What are the prime factors of c?
2, 3, 101
Let o be ((-80)/6)/10*(-3)/2. Let k be (-6)/(-33) - 218/(-11). Suppose -4*l - k = 0, 0 = o*j + 2*j + 5*l - 259. List the prime factors of j.
71
Let f(o) = -o**2 + 2*o - 2*o**2 + 0*o + 2*o**3 - 3. Suppose -2*a - 2 = -4*l, -a + 3 = 3*l - 2*a. List the prime factors of f(l).
5
List the prime factors of (8724/(-5))/(((-462)/(-140))/(-11)).
2, 727
Let a(d) = -d**3 + 6*d**2 + d - 10. Let b be a(6). Let n(x) = -2*x**3 + x**2 + 6*x + 13. List the prime factors of n(b).
7, 19
Suppose 0*j - 2*j + z + 11 = 0, -4*j = 4*z + 8. Suppose -j*k - 25 - 11 = 0. What are the prime factors of k/(-1*(3 - 2))?
2, 3
Let q(s) = s**3 - 66*s**2 + 10*s - 3. What are the prime factors of q(66)?
3, 73
Suppose -2287 = -6*t - 169. What are the prime factors of t?
353
Let w = -80 + 123. Suppose -5*n + w - 3 = 0. List the prime factors of ((-8)/(-2))/n*16.
2
List the prime factors of (-30)/(-10) + (67 - -5).
3, 5
Let b = -1975 - -3780. What are the prime factors of b?
5, 19
Let o(z) = z**3 + z**2 - 2*z + 2. Let m be o(3). Let p be m/(-6)*(-18)/12. Let d(s) = s**2 - 8*s + 8. What are the prime factors of d(p)?
2
Let v = -969 - -1505. Suppose 3*r + r = v. List the prime factors of r.
2, 67
Let b = -6 + 44. Suppose -5*u = 2*h - 20 - 4, 3*h - 6 = 0. Suppose 0*j - u*l - b = -2*j, 0 = -4*j - l + 121. What are the prime factors of j?
29
Let z be 200/30 + 2/6. Let v(o) = -o**3 + 8*o**2 - o - 6. Let g be v(z). Suppose 2*x - 16 = g. List the prime factors of x.
2, 13
Let y(i) = -2*i + 10. Let u be y(5). Let v(c) = c**3 - 2*c + 80. Let d be v(u). Let h = d - 46. List the prime factors of h.
2, 17
Let l be (-2)/(-4) - (1189/(-2) - 4). Let g = -415 + l. What are the prime factors of g?
2, 23
Let v = 389 - -7. What are the prime factors of v?
2, 3, 11
Let z = -1166 + 1934. What are the prime factors of z?
2, 3
Suppose 0 = 37*z + 14*z - 84252. What are the prime factors of z?
2, 7, 59
Let f be (-3 - 1) + 6 + -1 + 1. Suppose 0*i = -f*i + 112. What are the prime factors of i?
2, 7
Suppose 4*z + 2*v - 358 = 0, -3*z - 2*v + 397 = 126. Suppose 3*n + 1 = -5*f + z, -2*n = 5*f - 54. List the prime factors of n.
2
Suppose -16 = -4*f - 4*c, 2*f - 4*c = -2*c + 4. Suppose -p = -0*p - 5. Suppose 3*b = p*m + 6, -f*b + 4*m + 4 = -b. What are the prime factors of b?
2
Suppose 5*h = -3*q + 408, 6*q = q - 20. Suppose 0 = -t - 2*t + h. What are the prime factors of t?
2, 7
Suppose 0 = -m - 1, -m = v + 2*m - 3. Suppose i - 175 = -t, v*i - i + 205 = t. What are the prime factors of t?
2, 3, 5
Let k be 3 + 4 + 42 + 1. Let i = -15 + 6. Let c = k + i. What are the prime factors of c?
41
Suppose 4588 = 14*i + 500. List the prime factors of i.
2, 73
Let p be ((-2)/4)/((-4)/176). Let w = -16 + p. Suppose -w*r = -4*r - 58. List the prime factors of r.
29
Let i(l) = 7*l**3 - 14*l**2 - 8*l - 7. What are the prime factors of i(7)?
2, 7, 59
Let d = -15 - -15. Suppose d = -2*c + 5*c + 3. What are the prime factors of (-322)/(-6) + c/(-3)?
2, 3
Let m = 6 - 6. Let w(v) = -3*v + 6*v + m*v - 8. What are the prime factors of w(7)?
13
List the prime factors of (422/3)/(3 + (-104)/36).
2, 3, 211
Suppose -3*g + a - 143 = -g, -4*g = 4*a + 268. Let q = g - -149. List the prime factors of q.
79
Suppose -192 = -3*x - 2*a + 3*a, 4*a = -3*x + 177. Let l = -21 + x. List the prime factors of l.
2, 3, 7
What are the prime factors of 3/(27/(-12)) - (-30730)/30?
3, 11, 31
Let u(c) = -c**2 - 10*c. Let n be u(-10). Suppose -12*p = -10*p - 8. Suppose n = -p*x + 9 + 35. List the prime factors of x.
11
Let f be (-78 - (5 - 10))*1. Let q = 100 + f. List the prime factors of q.
3
Let l = 8 - 9. Let c = l - 2. Let k = 8 - c. What are the prime factors of k?
11
Suppose c = -2*c. Suppose c = -0*j + 2*j - 120. List the prime factors of j.
2, 3, 5
Let d(b)